Let o(i) = i**2 - 7*i - 85. Calculate o(14).
13
Let x(p) = -15*p + 139. Give x(6).
49
Let s(k) = -k**2 - 38*k - 37. What is s(-27)?
260
Let l(r) = 824*r - 7456. What is l(9)?
-40
Let i(m) = m**2 - 1519*m + 9070. Determine i(6).
-8
Let v(j) = -2*j**3 + 11*j**2 + 52*j - 428. What is v(8)?
-332
Let j(p) = 198*p - 4078. Determine j(21).
80
Let b(i) = i**2 + 32*i - 656. Determine b(-49).
177
Let s(d) = -117*d - 225. Calculate s(-2).
9
Let b(r) = -30*r - 140. Determine b(-5).
10
Let n(w) = 3*w**2 + 88*w + 591. Calculate n(-19).
2
Let r(s) = -63*s + 1376. What is r(22)?
-10
Let u(f) = f**3 + 63*f**2 + 387*f + 115. Determine u(-56).
395
Let i(x) = 7390*x + 280822. Give i(-38).
2
Let k(g) = g**3 - 8*g**2 + 10*g + 16. Determine k(7).
37
Let w(r) = r**3 + 4*r**2 + 49*r + 144. What is w(-3)?
6
Let g(c) = -118*c**2 - 21351*c + 1274. What is g(-181)?
7
Let n(o) = -o**2 + 13*o - 9. Determine n(6).
33
Let d(n) = -1560*n - 6273. Determine d(-4).
-33
Let r(y) = 5*y**3 + 9*y**2 + 18*y + 32. Calculate r(-3).
-76
Let c(w) = 6203*w + 24814. Determine c(-4).
2
Let n(p) = p**2 - 50*p - 22. Determine n(51).
29
Let j(x) = 16*x - 35. Calculate j(2).
-3
Let w(b) = 3*b**2 + 94*b - 94. What is w(-38)?
666
Let v(q) = q**2 - 1371*q - 36322. Calculate v(-26).
0
Let f(b) = -4*b**3 + 408*b**2 + 9*b - 973. Give f(102).
-55
Let z(q) = -30*q**3 + 22*q**2 + 2*q - 1. Determine z(1).
-7
Let t(h) = -h**3 + 18*h**2 - 5*h + 26. Calculate t(18).
-64
Let c(h) = 381*h + 1953. Calculate c(-5).
48
Let x(l) = 2*l**2 + 28*l - 54. Give x(-18).
90
Let s(z) = 8*z**3 - 2*z**2 - 155*z - 154. Give s(-1).
-9
Let r(f) = -f**2 + 195*f - 778. Determine r(4).
-14
Let z(l) = -93*l - 189. What is z(-2)?
-3
Let y(t) = -t**2 - 4*t + 699. Calculate y(-28).
27
Let l(k) = 6*k + 185. Determine l(-35).
-25
Let h(n) = -3*n**2 + 154*n + 678. Determine h(-4).
14
Let i(k) = 239*k + 1420. Give i(-6).
-14
Let d(z) = -1422*z - 304307. Calculate d(-214).
1
Let n(m) = -2*m**2 - 67*m + 2843. Determine n(-58).
1
Let s(i) = -34*i**2 + 468*i + 119. Calculate s(14).
7
Let q(i) = i**2 - 19*i - 21. Give q(7).
-105
Let u(g) = -3*g**2 - 15*g + 145. Calculate u(6).
-53
Let p(n) = 3*n**2 - 347*n + 1993. Give p(6).
19
Let g(x) = x**3 + 80*x**2 - 87*x - 459. Calculate g(-81).
27
Let w(p) = -40*p - 2514. What is w(-64)?
46
Let k(x) = x**2 + 103*x + 1655. Calculate k(-20).
-5
Let k(x) = -12*x**2 - 886*x + 1986. Determine k(-76).
10
Let s(z) = 3*z**2 + 48*z - 108. What is s(2)?
0
Let c(t) = -2*t**3 + 52*t**2 + 60*t - 141. Determine c(27).
21
Let j(m) = 2*m**2 - 12*m - 42. What is j(10)?
38
Let n(w) = -7*w**2 - 386*w + 9763. Calculate n(-74).
-5
Let z(f) = f**3 + 12*f**2 + 46*f + 135. Give z(-8).
23
Let l(b) = -26*b - 756. Give l(-64).
908
Let h(v) = -3*v**3 - 12*v**2 - 8*v + 4. Determine h(-3).
1
Let h(q) = -6*q**2 + 14*q + 14. Determine h(-2).
-38
Let z(t) = 79*t - 175. What is z(2)?
-17
Let p(a) = a**2 + 57*a + 676. Give p(-17).
-4
Let m(t) = t**3 + 36*t**2 - 9*t - 6. Give m(0).
-6
Let v(m) = -221*m**2 - 1550*m - 17. Give v(-7).
4
Let o(n) = -30*n**2 - 1528*n + 97. Determine o(-51).
-5
Let l(m) = -m**2 - 129*m + 810. What is l(-135)?
0
Let z(b) = 544*b - 1637. What is z(3)?
-5
Let r(v) = v**3 + 63*v**2 + 234*v - 179. Give r(-59).
-61
Let g(y) = 61*y + 4328. Give g(-73).
-125
Let a(d) = -88*d - 2. Give a(4).
-354
Let f(h) = 9*h**2 + 182*h + 181. Determine f(-1).
8
Let c(f) = -12*f**2 + 25*f + 90. What is c(4)?
-2
Let t(k) = 3*k - 62. Give t(-15).
-107
Let k(h) = -2*h**3 - 18*h**2 - 14*h + 6. Calculate k(-7).
-92
Let w(z) = -z**2 - 22*z + 4. Determine w(-13).
121
Let k(l) = l**2 - 43*l - 2435. Calculate k(-32).
-35
Let c(v) = -4*v**2 + v + 52. Calculate c(4).
-8
Let d(p) = -17*p - 100. What is d(-3)?
-49
Let b(i) = -i**2 + 9*i + 71. What is b(-8)?
-65
Let h(a) = -2*a**3 + 20*a**2 - 4*a + 8. Determine h(10).
-32
Let q(h) = -h**3 - 94*h**2 - 602*h + 5. Calculate q(-7).
-44
Let n(o) = -o**2 + 37*o + 200. Determine n(42).
-10
Let y(a) = -60*a + 3648. Calculate y(61).
-12
Let d(r) = -r**3 - 99*r**2 + 413*r + 108. Calculate d(-103).
5
Let f(a) = -a**3 + 18*a**2 - 65*a - 74. What is f(8)?
46
Let a(n) = -24*n**3 - 457*n**2 - 22*n - 47. Give a(-19).
10
Let a(v) = -42*v - 907. Calculate a(-22).
17
Let y(r) = -r**2 + r - 129. What is y(0)?
-129
Let n(b) = 27*b - 4. Give n(19).
509
Let w(l) = -107*l + 7912. Calculate w(74).
-6
Let l(a) = -3*a**2 + 13*a + 16. Give l(10).
-154
Let k(u) = -u**2 + 81*u - 699. What is k(71)?
11
Let n(q) = -q**3 + 25*q**2 + 85*q - 29. Determine n(28).
-1
Let g(t) = 764*t - 3056. What is g(4)?
0
Let b(z) = -3*z**2 - 16*z - 18. Calculate b(-1).
-5
Let c(s) = -4*s**3 + 7*s**2 - 16*s + 16. What is c(4)?
-192
Let y(s) = 2*s**3 - 33*s**2 + 682*s - 10607. Give y(16).
49
Let q(d) = -d**3 + 77*d**2 - 73*d - 229. Determine q(76).
-1
Let r(c) = c**3 + c**2 - 14*c - 16. What is r(-5)?
-46
Let n(d) = -2*d**3 - 37*d**2 - 92*d - 123. What is n(-16)?
69
Let x(l) = 29*l + 4691. Determine x(-162).
-7
Let f(n) = -n**3 + 10*n**2 + 21*n + 491. Calculate f(14).
1
Let n(k) = -2*k**3 + 48*k**2 + 52*k - 61. Calculate n(25).
-11
Let y(l) = l**3 - 21*l**2 + 38*l - 754. Calculate y(21).
44
Let c(p) = -6*p**2 - 93*p + 22. Calculate c(-16).
-26
Let m(g) = 226*g - 23279. Determine m(103).
-1
Let o(c) = -506*c + 2574. Determine o(5).
44
Let v(h) = -26*h - 232. What is v(-17)?
210
Let z(v) = 584*v + 2824. Determine z(-5).
-96
Let t(u) = 13*u + 661. Give t(-46).
63
Let a(s) = -82*s - 695. What is a(-7)?
-121
Let u(z) = -z**3 + 6*z**2 - 22*z + 640. Calculate u(10).
20
Let q(o) = 198*o + 1380. Calculate q(-7).
-6
Let s(l) = 21*l**2 + 6*l + 21. Determine s(-3).
192
Let x(v) = -3*v - 66. What is x(7)?
-87
Let t(s) = 2*s**3 + 16*s**2 - 26*s - 71. What is t(-9)?
1
Let p(i) = 190*i - 140. What is p(3)?
430
Let l(r) = -r**3 - 51*r**2 - 3*r - 159. Calculate l(-51).
-6
Let m(h) = -447*h + 899. Give m(2).
5
Let j(d) = -d**3 + 25*d - 91. Give j(4).
-55
Let g(s) = -78*s**2 - 25*s - 25. What is g(-1)?
-78
Let w(u) = -u**3 - 11*u**2 - 18*u + 26. Calculate w(-4).
-14
Let l(u) = -2*u**2 - 10*u + 552. Give l(14).
20
Let i(m) = -m**3 - 3*m**2 - 2*m. Give i(-3).
6
Let k(x) = -x**3 + 10*x**2 + 4*x - 111. Calculate k(9).
6
Let n(a) = -a**2 + 48*a + 379. Calculate n(54).
55
Let c(w) = -4*w**3 - 40*w**2 + 44*w + 31. Determine c(-11).
31
Let b(r) = -3*r**3 - 17*r**2 + 2*r - 145. What is b(-7)?
37
Let t(p) = p**3 - 27*p**2 + 5*p - 128. Calculate t(27).
7
Let b(f) = -663*f + 3979. Determine b(6).
1
Let q(w) = -w**2 + 8*w - 2. Give q(5).
13
Let g(p) = p**2 + 318*p + 18364. Give g(-242).
-28
Let b(s) = -s**2 + 74*s - 934. Determine b(48).
314
Let y(x) = 161*x + 1428. Determine y(-9).
-21
Let n(a) = -7*a**2 + 30*a + 36. Calculate n(5).
11
Let v(n) = n**2 - 23*n + 5. Determine v(9).
-121
Let l(m) = 2*m - 73. Give l(45).
17
Let r(x) = -x**3 - 52*x**2 + 3*x + 413. Determine r(-52).
257
Let p(k) = 4*k**3 + 2*k**2 + 27*k + 80. What is p(-3)?
-91
Let y(z) = -2*z**3 + 35*z**2 - 11*z - 123. Give y(17).
-21
Let o(p) = 6*p - 118. Calculate o(-14).
-202
Let n(u) = -5*u - 201. Give n(-41).
4
Let u(n) = -n**2 + 37*n + 1538. Determine u(62).
-12
Let c(n) = n**2 + 16*n + 120. Calculate c(-11).
65
Let m(x) = -x**3 + 23*x**2 - 11*x + 232. Calculate m(23).
-21
Let a(v) = v**3 - 4*v**2 + 13*v - 1. Determine a(5).
89
Let m(y) = -63*y**2 + 8190*y + 3. Determine m(130).
3
Let s(h) = h**3 - 77*h**2 - 407*h - 253. Determine s(82).
-7
Let b(r) = r**2 - 112*r - 2957. Determine b(-22).
-9
Let n(m) = 74*m - 71. What is n(1)?
3
Let l(o) = -14*o**3 + 13*o**2 + 64*o + 11. Determine l(-4).
859
Let r(l) = -l**2 - 8*l + 1157. Give r(-31).
444
Let t(g) = -g**3 - 12*g**2 - 4*g - 11. What is t(-12)?
37
Let r(x) = -3*x**2 - 15*x - 2. Give r(-4).
10
Let z(q) = -771*q + 7692. What is z(10)?
-18
Let p(z) = -130*z + 1935. Determine p(15).
-15
Let l(q) = 29*q + 437. Give l(-16).
-27
Let b(n) = -251*n + 11. What is b(1)?
-240
Let p(d) = -1524*d - 3045. Determine p(-2).
3
Let x(w) = 2*w**2 - 5*w - 243. Give x(0).
-243
Let c(p) = -2*p**2 + 24*p + 6. What is c(15)?
-84
Let x(k) = k**3 + 8*k**2 + 8*k + 2. What is x(-8)?
-62
Let d(l) = 2771*l + 52654. Calculate d(-19).
5
Let g(n) = -20*n**2 + 54*n - 3. What is g(2)?
25
Let q(x) = 3684*x - 106822. What is q(29)?
14
Let x(y) = -5*y**2 - 177*y - 723. Give x(-4).
-95
Let o(a) = -2*